45*o + 140. Determine f(3).
14
Let j(x) = 2*x - 7. What is j(-3)?
-13
Let g(f) = f**3 + 9*f**2 - 2*f - 8. Give g(-9).
10
Let q(j) = -9*j**2 + 4*j. Give q(1).
-5
Let z(a) = a**2 + 12*a + 15. Determine z(-10).
-5
Let l(x) = 4*x - 9. Determine l(4).
7
Let s(t) = t**2 + 5*t - 13. Give s(-6).
-7
Let f(a) = a**3 + 4*a**2 - 13*a - 9. Give f(-6).
-3
Let m(c) = -3*c + 4. Calculate m(8).
-20
Let f(v) = -v**2 + v + 67. Give f(9).
-5
Let y(m) = m**3 + 14*m**2 - 50*m + 23. Give y(-17).
6
Let o(t) = t**3 + 5*t**2 - 5*t. Give o(-6).
-6
Let a(q) = -2*q - 28. Determine a(-10).
-8
Let p(b) = b**2 - 7*b - 39. Give p(14).
59
Let z(b) = b**2 + b - 2. Determine z(3).
10
Let d(u) = -2*u**2 - 29*u + 19. Calculate d(-16).
-29
Let i(a) = -3*a**2 + 31*a - 17. Calculate i(10).
-7
Let s(h) = h**3 - 2*h**2 - h + 11. Determine s(0).
11
Let v(g) = -5*g - 28. Calculate v(-6).
2
Let f(w) = -w**3 + 4*w**2 + w - 1. Give f(4).
3
Let z(k) = 8*k**3 - 2*k - 2. What is z(-1)?
-8
Let b(x) = -x**2 + 8*x - 12. Give b(8).
-12
Let c(v) = -v**3 + 4*v**2 + 3*v + 1. Determine c(5).
-9
Let l(q) = 2*q**2 + 29*q - 13. Determine l(-15).
2
Let j(s) = -3*s - 13. What is j(-11)?
20
Let i(h) = -16*h**2 - 44*h. Give i(-3).
-12
Let l(w) = -21*w + 4. What is l(2)?
-38
Let x(y) = -2*y**3 - 4*y**2 + 4*y + 2. Give x(-4).
50
Let b(w) = 2*w**2 + 23*w + 52. Give b(-7).
-11
Let c(d) = 2*d**2 - 8*d - 9. What is c(-1)?
1
Let l(m) = -11*m - 306. Calculate l(-29).
13
Let w(l) = -14*l - 4. What is w(3)?
-46
Let d(b) = 2*b**3 + 68*b**2 + 66*b + 7. What is d(-33)?
7
Let a(p) = -p**3 - 6*p**2 - 2*p - 1. Determine a(-6).
11
Let j(d) = d**3 - 28*d**2 - 59*d - 26. Calculate j(30).
4
Let r(j) = 15*j + 325. What is r(-22)?
-5
Let u(n) = 3*n - 2. What is u(5)?
13
Let r(q) = -q - 16. Determine r(12).
-28
Let t(p) = -p**3 - 2*p**2 - 1. Calculate t(0).
-1
Let o(c) = c**3 + 9*c**2 + 6*c - 11. Calculate o(-8).
5
Let m(j) = -14*j - 2. What is m(-1)?
12
Let m(x) = x**2 - x - 10. Give m(4).
2
Let i(f) = f**3 - 7*f**2 - 15*f + 15. What is i(9)?
42
Let x(g) = -g**2 + 13*g - 14. Calculate x(12).
-2
Let y(u) = -u**2 - 5*u + 5. Determine y(-6).
-1
Let y(q) = q + 8. Give y(-4).
4
Let x(c) = 36*c**2 - 18*c - 17. Give x(-1).
37
Let p(v) = v**2 + 3*v + 1. Give p(-2).
-1
Let c(h) = h**2 - 2*h + 18. Determine c(-5).
53
Let p(a) = -2*a**2 - 11*a + 88. Calculate p(6).
-50
Let t(p) = p**3 - 5*p**2 - 9*p - 3. Give t(8).
117
Let a(r) = 17*r + 219. Calculate a(-12).
15
Let h(f) = f**3 + 17*f**2 + 3*f + 45. Determine h(-17).
-6
Let g(u) = -3*u**3 - 17*u**2 + 6*u - 14. Determine g(-6).
-14
Let f(n) = n**3 + 9*n**2 - 2*n - 9. Determine f(-9).
9
Let t(p) = -p**3 - 8*p**2 + 4*p + 10. Calculate t(-7).
-67
Let f(w) = -4*w**2 - 2. Determine f(-2).
-18
Let o(k) = -k. Calculate o(0).
0
Let u(o) = -71*o - 280. What is u(-4)?
4
Let h(n) = n**3 + 11*n**2 + 11*n + 12. Determine h(-10).
2
Let m(d) = 2*d**3 - 5*d - 5. Calculate m(-3).
-44
Let w(t) = -t**3 + 4*t**2 - t - 4. Determine w(2).
2
Let z(o) = o**3 + 16*o**2 + 31*o - 3. Calculate z(-14).
-45
Let m(f) = -2*f**2 + 4*f + 17. Give m(5).
-13
Let p(h) = h**3 - 11*h**2 + 9*h - 11. Determine p(10).
-21
Let y(h) = 5*h**2 - 146*h - 122. Give y(30).
-2
Let w(k) = k**3 - 6*k**2 + 2*k + 7. Determine w(6).
19
Let d(j) = -j**2 - 14*j. Give d(-14).
0
Let x(i) = 7*i - 4. Determine x(6).
38
Let z(m) = 3*m**2 + 4*m + 3. What is z(-3)?
18
Let v(z) = z**3 - 5*z**2 + 3*z - 5. Give v(5).
10
Let u(j) = -j**3 - 7*j**2 - 3*j - 5. Determine u(-7).
16
Let q(b) = 3*b**2 + 8*b - 1. Calculate q(-3).
2
Let m(n) = -n + 13. Give m(10).
3
Let j(h) = -h**3 + 7*h**2 - 9*h + 10. What is j(7)?
-53
Let f(i) = -4*i**2 - 34*i + 2. Determine f(-8).
18
Let t(h) = h**2 - 6*h + 10. Determine t(4).
2
Let n(z) = -z**3 - 4*z**2 + 3*z - 2. What is n(-4)?
-14
Let w(s) = -2*s - 2. Give w(4).
-10
Let a(u) = -u**3 - 14*u**2 - 33*u + 3. Calculate a(-11).
3
Let g(j) = 21*j + 105. Determine g(-5).
0
Let n(w) = w**3 + 10*w**2 - w + 32. Calculate n(-10).
42
Let j(u) = -u + 3. What is j(16)?
-13
Let x(o) = 3*o + 10. Calculate x(5).
25
Let p(o) = -o**3 - 9*o**2 + 6*o + 90. Give p(-6).
-54
Let r(w) = w**2 - w + 7. Determine r(-5).
37
Let c(d) = 24*d + 114. Give c(-5).
-6
Let v(t) = t**3 - 6*t**2 - 16*t + 11. What is v(8)?
11
Let w(n) = n**2 + 22*n + 19. Determine w(-8).
-93
Let s(t) = -t**3 - 7*t**2 - 6*t - 1. Determine s(-6).
-1
Let p(x) = 7*x**2 + 21*x - 70. Calculate p(-5).
0
Let r(v) = 2*v + 11. Give r(10).
31
Let a(v) = -11*v + 588. Calculate a(54).
-6
Let l(b) = -4*b - 85. What is l(-20)?
-5
Let z(d) = 2*d**3 - 5*d**2 + d + 3. What is z(3)?
15
Let w(q) = 6*q**2 + 3*q - 3. What is w(-1)?
0
Let t(s) = s**2 - 6*s - 2. What is t(-2)?
14
Let n(w) = -w**2 + 48*w + 391. What is n(55)?
6
Let w(g) = -g**3 - 15*g**2 - g - 13. What is w(-15)?
2
Let h(u) = -10*u - 1. Give h(4).
-41
Let z(w) = -2*w - 38. What is z(-12)?
-14
Let x(u) = -2*u**2 - 4*u - 5. Determine x(-2).
-5
Let i(s) = -3*s**2 + 8*s + 90. Give i(-5).
-25
Let c(r) = -11*r**3 - 3*r**2 + 4. Calculate c(1).
-10
Let v(d) = 2*d**2 - 25*d + 72. Calculate v(6).
-6
Let p(b) = -b**2 + 8*b + 2. What is p(9)?
-7
Let d(w) = w**3 + 9*w**2 + 8*w - 11. What is d(-8)?
-11
Let v(m) = -7*m**2 + 32*m - 25. Determine v(4).
-9
Let x(l) = l**2 + 5*l + 1. What is x(-7)?
15
Let w(m) = -m**3 + 7*m**2 - 6*m + 8. What is w(6)?
8
Let l(s) = s**2 + 9*s - 11. Give l(-13).
41
Let o(h) = -3*h + 108. Give o(0).
108
Let i(l) = l**2 - l - 15. Determine i(0).
-15
Let n(s) = 3*s - 7. Give n(3).
2
Let t(k) = k - 14. What is t(12)?
-2
Let w(n) = 6*n**2 - 9*n - 14. Give w(-2).
28
Let u(i) = -i + 15. Give u(0).
15
Let x(d) = -d**2 - 14*d - 13. Determine x(-14).
-13
Let j(q) = -23*q + 7. Give j(-3).
76
Let k(r) = 2*r**3 - 5*r**2 - 12*r + 5. What is k(5)?
70
Let j(k) = -k + 7. Determine j(-5).
12
Let z(w) = -w**2 - 5*w + 1. Determine z(-3).
7
Let b(w) = -11*w + 7. What is b(6)?
-59
Let v(c) = -3*c**3 - 2*c**2 + 3*c + 3. Determine v(-2).
13
Let s(o) = 8*o**3 + o**2 - o - 1. Determine s(-1).
-7
Let k(b) = b**3 - 27*b**2 + 23*b + 41. Calculate k(26).
-37
Let s(b) = 4*b**2 - 3*b + 4. Determine s(2).
14
Let i(m) = m**3 - 4*m**2 + 8*m + 8. Give i(4).
40
Let t(c) = -6*c - 13. Determine t(-5).
17
Let q(n) = -25*n**3 + 3*n**2 + 3*n + 2. Calculate q(-1).
27
Let u(p) = -p**3 - 8*p**2 - 15*p - 12. Give u(-6).
6
Let v(z) = 2*z**2 - 43*z - 324. Give v(-6).
6
Let f(p) = 6*p - 17. Calculate f(-10).
-77
Let u(t) = -t**2 - 22*t - 65. Calculate u(-19).
-8
Let j(g) = -3*g - 61. What is j(-16)?
-13
Let k(o) = o**2 - 9*o. Calculate k(9).
0
Let r(s) = -15*s**2. Determine r(-1).
-15
Let s(v) = v**2 - 3*v - 15. Give s(6).
3
Let v(o) = o**2 + 46*o + 202. What is v(-5)?
-3
Let h(i) = -3*i**2 + 1. Determine h(-3).
-26
Let l(r) = 2*r**2 + 14*r + 10. Calculate l(-6).
-2
Let i(x) = 2*x**2 - 20*x + 19. What is i(1)?
1
Let d(k) = -k**2 - 14*k - 5. What is d(-3)?
28
Let c(s) = -2*s**3 + 17*s**2 + 10*s - 5. Determine c(9).
4
Let k(d) = 3*d**3 + d**2. What is k(1)?
4
Let r(g) = 14*g**2 - 2*g. Calculate r(-1).
16
Let r(v) = 2*v - 21. What is r(15)?
9
Let o(p) = 26*p - 1. Give o(1).
25
Let s(z) = 13*z - 82. Calculate s(7).
9
Let z(x) = -x**3 + 16*x**2 - 28*x. Give z(14).
0
Let v(y) = -y**2 + 2*y + 6. Calculate v(6).
-18
Let i(a) = -8*a - 1. Give i(-4).
31
Let v(h) = -5*h**3 - 2*h**2 + h - 15. Give v(0).
-15
Let y(s) = -5*s - 3. Calculate y(-1).
2
Let i(t) = 45*t + 94. What is i(-2)?
4
Let c(d) = -5*d - 7. Determine c(-4).
13
Let o(n) = -65*n - 1. Determine o(-1).
64
Let v(x) = -33*x**2 + 5*x - 6. What is v(2)?
-128
Let w(g) = 3*g**3 + 91*g**2 + 29*g - 37. Determine w(-30).
-7
Let k(g) = g**3 + 4*g**2 - 9*g - 8. Calculate k(-5).
12
Let s(h) = -h**3 + 9*h**2 + 22*h + 16. Give s(11).
16
Let l(c) = -3*c + 68. What is l(20)?
8
Let o(d) = -62*d - 3. Give o(-1).
59
Let l(f) = -4*f + 3. What is l(3)?
-9
Let g(z) = 14*z + 126. Calculate g(-9).
0
Let r(m) = -2*m + 5. Calculate r(3).
-1
Let c(a) = -a**3 + 5*a**2 - 3*a - 3. Give c(5).
-18
Let f(z) = z + 9. Give f(-5).
4
Let f(m) = -m**2 - 20*m + 16. Determine f(-22).
-28
Let t(q) = -q**3 - 6*q**2 + 18*q + 9. Give t(-8).
-7
Let i(d) = 5*d - 5. Give i(7).
30
Let y(b) = 46*b - 94. Determine y(2).
-2
Let x(i) = -16*i**2 - 2*i - 2. Calculate x(-1).
-16
Let j(g) = -g**2 + 28*g - 107. Calculate j(23).
8
Let o(k) = -2*k**2 + 44*k - 4. Calculate o(20).
7